{"id":7211,"date":"2026-09-05T12:11:24","date_gmt":"2026-09-05T10:11:24","guid":{"rendered":"https:\/\/lemaquisdevareilles.fr\/?post_type=tribe_events&#038;p=7211"},"modified":"2026-09-05T12:11:24","modified_gmt":"2026-09-05T10:11:24","slug":"ouverture-exceptionnelle-pour-apero-concert-a-17h30-ludovic-de-preissac-trio","status":"publish","type":"tribe_events","link":"https:\/\/lemaquisdevareilles.fr\/?tribe_events=ouverture-exceptionnelle-pour-apero-concert-a-17h30-ludovic-de-preissac-trio","title":{"rendered":"Ouverture exceptionnelle pour Ap\u00e9ro-concert \u00e0 17h30 Ludovic de Preissac trio"},"content":{"rendered":"<h2>dimanche 27 septembre 2026 \u00e0 partir de 16 heures<\/h2>\n<h2><span style=\"color: #ff0000;\">Ouverture exceptionnelle<\/span> pour<\/h2>\n<h2>Ap\u00e9ro-concert \u00e0 17h30<\/h2>\n<h2>Ludovic de Preissac trio<\/h2>\n<h2>jazz<\/h2>\n","protected":false},"excerpt":{"rendered":"<p class=\"qua-blog-post-description\">dimanche 27 septembre 2026 \u00e0 partir de 16 heures Ouverture exceptionnelle pour Ap\u00e9ro-concert \u00e0 17h30 Ludovic de Preissac trio jazz<\/p>\n","protected":false},"author":1,"featured_media":0,"template":"","meta":{"_tribe_events_status":"","_tribe_events_status_reason":"","footnotes":""},"tags":[],"tribe_events_cat":[],"class_list":["post-7211","tribe_events","type-tribe_events","status-publish","hentry"],"_links":{"self":[{"href":"https:\/\/lemaquisdevareilles.fr\/index.php?rest_route=\/wp\/v2\/tribe_events\/7211","targetHints":{"allow":["GET"]}}],"collection":[{"href":"https:\/\/lemaquisdevareilles.fr\/index.php?rest_route=\/wp\/v2\/tribe_events"}],"about":[{"href":"https:\/\/lemaquisdevareilles.fr\/index.php?rest_route=\/wp\/v2\/types\/tribe_events"}],"author":[{"embeddable":true,"href":"https:\/\/lemaquisdevareilles.fr\/index.php?rest_route=\/wp\/v2\/users\/1"}],"version-history":[{"count":1,"href":"https:\/\/lemaquisdevareilles.fr\/index.php?rest_route=\/wp\/v2\/tribe_events\/7211\/revisions"}],"predecessor-version":[{"id":7212,"href":"https:\/\/lemaquisdevareilles.fr\/index.php?rest_route=\/wp\/v2\/tribe_events\/7211\/revisions\/7212"}],"wp:attachment":[{"href":"https:\/\/lemaquisdevareilles.fr\/index.php?rest_route=%2Fwp%2Fv2%2Fmedia&parent=7211"}],"wp:term":[{"taxonomy":"post_tag","embeddable":true,"href":"https:\/\/lemaquisdevareilles.fr\/index.php?rest_route=%2Fwp%2Fv2%2Ftags&post=7211"},{"taxonomy":"tribe_events_cat","embeddable":true,"href":"https:\/\/lemaquisdevareilles.fr\/index.php?rest_route=%2Fwp%2Fv2%2Ftribe_events_cat&post=7211"}],"curies":[{"name":"wp","href":"https:\/\/api.w.org\/{rel}","templated":true}]}}

Ouverture exceptionnelle pour Apéro-concert à 17h30 Ludovic de Preissac trio

<h2>dimanche 27 septembre 2026 à partir de 16 heures</h2>
<h2><span style="color: #ff0000;">Ouverture exceptionnelle</span> pour</h2>
<h2>Apéro-concert à 17h30</h2>
<h2>Ludovic de Preissac trio</h2>
<h2>jazz</h2>

<p class="qua-blog-post-description">dimanche 27 septembre 2026 à partir de 16 heures Ouverture exceptionnelle pour Apéro-concert à 17h30 Ludovic de Preissac trio jazz</p>
